)?
7
Let q(u) = u**2 - 44*u + 251. Calculate q(41).
128
Let x(z) = z**2 + 11*z - 12. What is x(-16)?
68
Let q(k) = -4*k**2 + 204*k + 42. Calculate q(52).
-166
Let b(a) = -a**2 + 21*a + 19. Give b(11).
129
Let y(m) = -260*m**2 + 1316*m + 27. Give y(5).
107
Let q(g) = g**3 + 19*g**2 - 27*g + 54. Calculate q(-21).
-261
Let a(r) = r**2 + 11*r + 65. What is a(-4)?
37
Let z(l) = 8*l**2 - 187*l - 35. Give z(11).
-1124
Let v(k) = -9*k**2 + 21*k - 11. Give v(3).
-29
Let q(m) = 50*m - 54. Give q(-1).
-104
Let t(x) = -294*x + 901. What is t(3)?
19
Let d(m) = 11*m - 941. Give d(77).
-94
Let p(t) = 77*t + 51. Calculate p(-1).
-26
Let w(x) = -2*x**2 - 54*x - 22. Give w(-27).
-22
Let i(h) = 12*h - 7. Determine i(1).
5
Let t(c) = -2*c**2 - 575*c + 34528. What is t(51)?
1
Let r(w) = -6*w**2 - 45*w + 312. Give r(-12).
-12
Let x(q) = 397*q + 14687. Determine x(-37).
-2
Let s(o) = -139*o - 6541. Determine s(-46).
-147
Let h(b) = 394*b - 1921. What is h(5)?
49
Let m(q) = 59*q - 726. Calculate m(13).
41
Let r(n) = -2*n**3 + 16*n**2 + 19*n + 6. Give r(9).
15
Let q(p) = -p**2 + 96*p - 624. Give q(7).
-1
Let z(f) = f**3 - 21*f**2 + 60*f - 20. Determine z(6).
-200
Let a(l) = -l**3 + 42*l**2 + 1090*l - 563. Give a(60).
37
Let a(g) = 36*g + 237. Calculate a(-8).
-51
Let u(j) = j**3 + 40*j**2 - 34*j + 264. Give u(-41).
-23
Let p(b) = 108*b + 33. What is p(-2)?
-183
Let w(g) = -2*g**3 - 13*g**2 - 18*g - 74. What is w(-6)?
-2
Let z(w) = -25*w**2 - 9*w + 21. Determine z(-5).
-559
Let p(o) = 5*o**2 + 173*o + 55. What is p(-34)?
-47
Let x(m) = m**3 - 35*m**2 - 138*m + 2379. What is x(37)?
11
Let m(c) = -5*c**3 + 1150*c**2 - 4*c + 915. What is m(230)?
-5
Let o(z) = -270*z - 1207. Calculate o(-4).
-127
Let t(v) = 93*v**2 - 734*v - 82. Determine t(8).
-2
Let m(l) = -l**2 + 40*l + 502. Give m(-10).
2
Let j(p) = 63*p - 217. Calculate j(4).
35
Let g(s) = 3387*s + 16925. Give g(-5).
-10
Let t(v) = -3*v**3 + 290*v**2 - 1037*v + 1299. Determine t(93).
-3
Let b(y) = -2417*y + 2373. Give b(1).
-44
Let w(t) = 2*t**3 - 14*t**2 - 6*t + 10. What is w(5)?
-120
Let g(v) = -21*v + 1287. Give g(67).
-120
Let w(c) = -104*c + 511. Determine w(5).
-9
Let i(c) = -196*c - 57. What is i(-1)?
139
Let q(i) = i**3 - 22*i**2 + 112*i + 12. Give q(14).
12
Let t(k) = k**3 - 16*k**2 + 47*k - 120. What is t(11)?
-208
Let l(k) = 2*k**3 + 55*k**2 + 38*k + 236. Give l(-27).
-61
Let d(t) = t**2 - 144*t + 3272. Calculate d(29).
-63
Let o(u) = 363*u + 5796. What is o(-16)?
-12
Let v(m) = 890*m - 14072. Give v(16).
168
Let x(a) = -2*a**3 - 6*a**2 - 2*a - 7. Give x(-5).
103
Let b(o) = 311*o - 358. Determine b(1).
-47
Let n(b) = -b**2 - 89*b - 1140. Calculate n(-16).
28
Let z(q) = -q**2 - 3*q + 205. What is z(18)?
-173
Let o(r) = -7*r**2 + 61*r - 14. Give o(10).
-104
Let q(y) = -93*y + 4811. What is q(45)?
626
Let v(b) = -b**2 + 22*b + 200. Give v(-9).
-79
Let b(r) = -2*r**3 + 63*r**2 - 145*r. Calculate b(29).
0
Let j(z) = -48*z + 6415. Calculate j(133).
31
Let c(n) = 46*n + 592. Determine c(-13).
-6
Let o(n) = -41*n + 1928. Determine o(47).
1
Let v(k) = k**2 + 121*k - 3897. Determine v(29).
453
Let n(o) = 10*o**3 - 813*o**2 + 245*o - 155. Give n(81).
7
Let b(r) = 7*r - 381. What is b(48)?
-45
Let n(l) = -6*l - 20. Calculate n(5).
-50
Let w(v) = 2*v**2 + 2*v - 469. Determine w(-16).
11
Let v(m) = m**2 - 39*m - 3066. What is v(-39)?
-24
Let k(s) = 327*s + 4605. Determine k(-14).
27
Let r(y) = 8512*y - 8505. Calculate r(1).
7
Let z(y) = -y**3 + 40*y**2 - 97*y + 544. What is z(38)?
-254
Let f(w) = -2*w**3 - 18*w**2 - 116*w - 310. Give f(-4).
-6
Let w(f) = -9*f**3 - 14*f**2 + 20*f - 6. Calculate w(1).
-9
Let c(j) = 33*j**2 - 48*j - 133. What is c(-2)?
95
Let t(x) = 2*x**3 + 199*x**2 + 101*x + 166. Calculate t(-99).
-32
Let x(t) = t**3 - 26*t**2 + 39*t - 572. What is x(26)?
442
Let z(a) = -12*a - 30. Calculate z(-4).
18
Let w(g) = g**3 + 6*g**2 - 282*g - 500. Calculate w(15).
-5
Let j(k) = -959*k - 18190. Determine j(-19).
31
Let y(r) = 2*r**3 + 20*r**2 - 32*r - 301. Give y(-10).
19
Let z(g) = -g**3 + 86*g**2 - 137*g - 2610. What is z(84)?
-6
Let o(w) = -14*w + 608. Determine o(43).
6
Let q(m) = 531*m + 5843. Give q(-11).
2
Let m(w) = -28*w + 10. Calculate m(-1).
38
Let c(n) = -105*n + 198. What is c(2)?
-12
Let n(c) = 71*c - 10805. Give n(152).
-13
Let g(q) = -4035*q + 28243. What is g(7)?
-2
Let w(c) = 510*c + 6638. Determine w(-13).
8
Let i(z) = 81*z + 98. Calculate i(-4).
-226
Let o(t) = 368*t + 3660. Give o(-10).
-20
Let o(w) = 2*w**3 + 143*w**2 + 214*w + 241. What is o(-70)?
-39
Let g(y) = -y**3 + 52*y**2 + 22*y + 218. What is g(52)?
1362
Let j(n) = n**3 - 12*n**2 + 35*n - 343. Give j(13).
281
Let t(k) = -11*k - 373. Calculate t(-41).
78
Let j(r) = 16*r + 109. Determine j(-7).
-3
Let j(r) = -r**3 - 8*r**2 + 148*r - 49. Calculate j(10).
-369
Let v(c) = 14*c - 1245. Calculate v(95).
85
Let y(u) = -u**3 - 2*u**2 + 10*u - 488. Give y(0).
-488
Let n(u) = 2*u**2 - 18*u + 73. Give n(4).
33
Let u(b) = -7*b**2 - 84*b - 5. Calculate u(-12).
-5
Let j(s) = s**3 - 126*s**2 - 8131*s + 7. Calculate j(-47).
7
Let u(f) = 3*f**2 - 124*f + 166. Determine u(40).
6
Let u(f) = 306*f - 3121. Calculate u(10).
-61
Let q(w) = w**2 - 735*w + 5086. What is q(7)?
-10
Let s(m) = m**3 + 6*m**2 - 25. What is s(-6)?
-25
Let q(d) = d**2 + 53*d - 16351. What is q(104)?
-23
Let g(w) = -81*w - 3728. Determine g(-46).
-2
Let s(y) = 3*y**2 - 12*y - 22. Determine s(9).
113
Let r(m) = -2*m**3 + 18*m**2 + 10*m + 10. What is r(8)?
218
Let w(x) = 4*x**3 - 30*x**2 + 6*x - 16. What is w(8)?
160
Let i(k) = -4*k + 250. Determine i(64).
-6
Let c(k) = -k**2 + 34*k + 153. Determine c(37).
42
Let b(d) = -100*d - 2190. Determine b(-22).
10
Let h(u) = -742*u + 3700. Determine h(5).
-10
Let m(t) = -t**2 + 13*t - 69. Determine m(-13).
-407
Let n(b) = 25*b + 277. Give n(-9).
52
Let r(y) = -4*y**2 - 656*y - 652. Give r(-163).
0
Let m(n) = n**3 + 35*n**2 + 293*n - 11. What is m(-21)?
10
Let q(y) = -y**2 + 3*y + 409. Give q(-17).
69
Let s(d) = 3*d**3 + 167*d**2 + 109*d - 44. What is s(-55)?
11
Let v(x) = x**2 + 18*x - 112. Determine v(5).
3
Let v(m) = -2*m**2 + 436*m + 5044. Give v(229).
6
Let x(s) = 191*s - 194. Determine x(1).
-3
Let s(c) = 38*c - 789. Determine s(22).
47
Let z(w) = w**2 - 222*w - 1155. What is z(-5)?
-20
Let j(p) = -5*p - 163. Calculate j(24).
-283
Let a(o) = o**2 - 29*o + 30. Determine a(24).
-90
Let v(q) = 26*q - 1027. Determine v(38).
-39
Let i(s) = -s**3 - 8*s**2 + 944*s + 18. Give i(27).
-9
Let s(q) = q**2 + 79*q + 1545. Calculate s(-35).
5
Let w(v) = -29*v**2 + 27*v - 70. Give w(3).
-250
Let s(p) = -5*p**3 + 1247*p**2 - 492*p - 1498. What is s(249)?
-4
Let k(s) = 9*s**2 - 123*s + 332. Give k(4).
-16
Let s(z) = 3*z**2 - 11*z - 55. Calculate s(9).
89
Let f(u) = -u**2 - 2*u - 63. Determine f(0).
-63
Let o(r) = r**3 + 163*r**2 - 10915*r - 209. What is o(-214)?
5
Let w(c) = 2*c**3 - 18*c**2 - 23*c + 24. Give w(10).
-6
Let w(r) = 700*r + 68592. Give w(-98).
-8
Let v(r) = -486*r + 6247. Calculate v(13).
-71
Let k(f) = -2*f**3 + 105*f**2 - 156*f + 40. Determine k(51).
-113
Let h(t) = -640*t + 17248. Determine h(27).
-32
Let p(r) = -679*r + 5364. Determine p(8).
-68
Let m(z) = 99*z + 294. Determine m(-3).
-3
Let g(p) = 65*p - 471. Give g(9).
114
Let l(f) = 979*f - 24464. What is l(25)?
11
Let i(h) = 14*h**2 - 194*h - 22. What is i(14)?
6
Let y(f) = 4*f**3 - 3*f**2 - 29*f + 64. Calculate y(2).
26
Let u(t) = 8*t**2 - 58*t - 235. Determine u(-4).
125
Let t(w) = 11*w + 182. Determine t(-14).
28
Let d(c) = -2*c**3 + 77*c**2 - 45*c + 308. Calculate d(38).
42
Let g(l) = l**2 + 66*l + 587. Give g(-10).
27
Let u(a) = -a**3 - 10*a**2 + 165*a - 104. Give u(-19).
10
Let o(w) = -2*w**3 - 19*w**2 + 58*w - 33. What is o(-12)?
-9
Let x(h) = -19*h**3 + 155*h**2 - 60*h + 276. Determine x(8).
-12
Let q(g) = -189*g + 940. What is q(5)?
-5
Let g(k) = 64*k + 7493. What is g(-117)?
5
Let k(g) = g**2 + 11*g + 5. What is k(-5)?
-25
Let u(b) = -38*b - 230. Calculate u(-6).
-2
Let h(p) = 4*p - 84. Give h(43).
88
Let j(i) = -2*i**3 + 5*i**2 - 54*i - 226. What is j(-3)?
35
Let d(s) = -24*s - 88. What is d(-4)?
8
Let m(f) = -f**3 - 24*f**2 + 79*f + 705. Calculate m(-26).
3
Let c(w) = -71*w**2 + 353*w + 7. What is c(5)?
-3
Let b(p) = p**3 - 35*p**2 + 157*p + 109. Determine b(6).
7
Let 